{"id":30,"date":"2019-01-23T14:22:09","date_gmt":"2019-01-23T13:22:09","guid":{"rendered":"http:\/\/optimus61.be\/?page_id=30"},"modified":"2019-01-23T15:10:50","modified_gmt":"2019-01-23T14:10:50","slug":"administratif","status":"publish","type":"page","link":"https:\/\/optimus61.be\/index.php\/administratif\/","title":{"rendered":"Administratif"},"content":{"rendered":"\n<p>Ce service n&#8217;est disponible que sur Nivelles. <\/p>\n\n\n\n<p>Optimus 61 vous propose des interventions administratives ponctuelles ou r\u00e9guli\u00e8res. <\/p>\n\n\n\n<p><\/p>\n\n\n\n<p>EXEMPLES<\/p>\n\n\n\n<ul><li>Classement \/ Archivage <\/li><li>Gestion des impay\u00e9s \/ Rappel clients<\/li><li>Assistance administrative ponctuelle pour un remplacement bref ou pour la dur\u00e9e d&#8217;un projet pr\u00e9cis.<\/li><li>Encodage divers <\/li><li>Demandes de subsides<\/li><li>R\u00e9daction de correspondances administratives (Fran\u00e7ais et Anglais) , relectures et traductions Anglais > Fran\u00e7ais ( texte non techniques)<\/li><\/ul>\n\n\n\n<pre class=\"wp-block-verse\">TARIFS<br><br>Facturation \u00e0 l'heure. <br>Tarif horaire (HT) de 35\u20ac \u00e0 50\u20ac selon le type de prestation.\u00a0<br>Prestations d'une heure minimum.<br> Chaque demi-heure entam\u00e9e est factur\u00e9e.<br>Demande de devis possible, contactez nous.<\/pre>\n","protected":false},"excerpt":{"rendered":"<p>Ce service n&#8217;est disponible que sur Nivelles. Optimus 61 vous propose des interventions administratives ponctuelles ou r\u00e9guli\u00e8res. EXEMPLES Classement \/ Archivage Gestion des impay\u00e9s \/ Rappel clients Assistance administrative ponctuelle pour un remplacement bref ou pour la dur\u00e9e d&#8217;un projet pr\u00e9cis. Encodage divers Demandes de subsides R\u00e9daction de correspondances administratives (Fran\u00e7ais et Anglais) , relectures [&hellip;]<\/p>\n","protected":false},"author":1,"featured_media":0,"parent":0,"menu_order":0,"comment_status":"closed","ping_status":"closed","template":"","meta":[],"_links":{"self":[{"href":"https:\/\/optimus61.be\/index.php\/wp-json\/wp\/v2\/pages\/30"}],"collection":[{"href":"https:\/\/optimus61.be\/index.php\/wp-json\/wp\/v2\/pages"}],"about":[{"href":"https:\/\/optimus61.be\/index.php\/wp-json\/wp\/v2\/types\/page"}],"author":[{"embeddable":true,"href":"https:\/\/optimus61.be\/index.php\/wp-json\/wp\/v2\/users\/1"}],"replies":[{"embeddable":true,"href":"https:\/\/optimus61.be\/index.php\/wp-json\/wp\/v2\/comments?post=30"}],"version-history":[{"count":4,"href":"https:\/\/optimus61.be\/index.php\/wp-json\/wp\/v2\/pages\/30\/revisions"}],"predecessor-version":[{"id":39,"href":"https:\/\/optimus61.be\/index.php\/wp-json\/wp\/v2\/pages\/30\/revisions\/39"}],"wp:attachment":[{"href":"https:\/\/optimus61.be\/index.php\/wp-json\/wp\/v2\/media?parent=30"}],"curies":[{"name":"wp","href":"https:\/\/api.w.org\/{rel}","templated":true}]}}